{"id":2240,"date":"2024-03-28T12:57:22","date_gmt":"2024-03-28T15:57:22","guid":{"rendered":"https:\/\/branding2health.com\/cristiane\/?page_id=2240"},"modified":"2024-04-15T22:52:44","modified_gmt":"2024-04-16T01:52:44","slug":"lipedema","status":"publish","type":"page","link":"https:\/\/branding2health.com\/cristiane\/lipedema\/","title":{"rendered":"Lipedema"},"content":{"rendered":"\t\t<div data-elementor-type=\"wp-page\" data-elementor-id=\"2240\" class=\"elementor elementor-2240\" data-elementor-post-type=\"page\">\n\t\t\t\t<div class=\"elementor-element elementor-element-0f82f15 e-flex e-con-boxed e-con e-parent\" data-id=\"0f82f15\" data-element_type=\"container\">\n\t\t\t\t\t<div class=\"e-con-inner\">\n\t\t\t\t<div class=\"elementor-element elementor-element-b5beedc elementor-view-default exad-sticky-section-no exad-glass-effect-no elementor-widget elementor-widget-icon\" data-id=\"b5beedc\" data-element_type=\"widget\" data-widget_type=\"icon.default\">\n\t\t\t\t<div class=\"elementor-widget-container\">\n\t\t\t\t\t\t\t<div class=\"elementor-icon-wrapper\">\n\t\t\t<a class=\"elementor-icon\" href=\"https:\/\/branding2health.com\/cristiane\/procedimentos\/\">\n\t\t\t<i aria-hidden=\"true\" class=\"fas fa-arrow-circle-left\"><\/i>\t\t\t<\/a>\n\t\t<\/div>\n\t\t\t\t\t\t<\/div>\n\t\t\t\t<\/div>\n\t\t\t\t<div class=\"elementor-element elementor-element-24a7533 exad-sticky-section-no exad-glass-effect-no elementor-widget elementor-widget-heading\" data-id=\"24a7533\" data-element_type=\"widget\" data-widget_type=\"heading.default\">\n\t\t\t\t<div class=\"elementor-widget-container\">\n\t\t\t\t\t<h2 class=\"elementor-heading-title elementor-size-default\"><a href=\"https:\/\/branding2health.com\/cristiane\/procedimentos\/\">Voltar<\/a><\/h2>\t\t\t\t<\/div>\n\t\t\t\t<\/div>\n\t\t\t\t\t<\/div>\n\t\t\t\t<\/div>\n\t\t<div class=\"elementor-element elementor-element-8255be7 e-flex e-con-boxed e-con e-parent\" data-id=\"8255be7\" data-element_type=\"container\">\n\t\t\t\t\t<div class=\"e-con-inner\">\n\t\t\t\t<div class=\"elementor-element elementor-element-9426fab exad-sticky-section-no exad-glass-effect-no elementor-widget elementor-widget-heading\" data-id=\"9426fab\" data-element_type=\"widget\" data-widget_type=\"heading.default\">\n\t\t\t\t<div class=\"elementor-widget-container\">\n\t\t\t\t\t<h2 class=\"elementor-heading-title elementor-size-default\">Lipedema<\/h2>\t\t\t\t<\/div>\n\t\t\t\t<\/div>\n\t\t\t\t\t<\/div>\n\t\t\t\t<\/div>\n\t\t<div class=\"elementor-element elementor-element-e8d8163 e-flex e-con-boxed e-con e-parent\" data-id=\"e8d8163\" data-element_type=\"container\">\n\t\t\t\t\t<div class=\"e-con-inner\">\n\t\t<div class=\"elementor-element elementor-element-9e4dcc2 e-flex e-con-boxed e-con e-child\" data-id=\"9e4dcc2\" data-element_type=\"container\">\n\t\t\t\t\t<div class=\"e-con-inner\">\n\t\t\t\t<div class=\"elementor-element elementor-element-5f358e5 exad-sticky-section-no exad-glass-effect-no elementor-widget elementor-widget-image\" data-id=\"5f358e5\" data-element_type=\"widget\" data-widget_type=\"image.default\">\n\t\t\t\t<div class=\"elementor-widget-container\">\n\t\t\t\t\t\t\t\t\t\t\t\t\t\t\t<img fetchpriority=\"high\" decoding=\"async\" width=\"700\" height=\"800\" src=\"https:\/\/branding2health.com\/cristiane\/wp-content\/uploads\/2024\/03\/Dra.-Cristiane-Lopes-Lipedema.jpg\" class=\"attachment-full size-full wp-image-2338\" alt=\"\" srcset=\"https:\/\/branding2health.com\/cristiane\/wp-content\/uploads\/2024\/03\/Dra.-Cristiane-Lopes-Lipedema.jpg 700w, https:\/\/branding2health.com\/cristiane\/wp-content\/uploads\/2024\/03\/Dra.-Cristiane-Lopes-Lipedema-263x300.jpg 263w\" sizes=\"(max-width: 700px) 100vw, 700px\" \/>\t\t\t\t\t\t\t\t\t\t\t\t\t\t\t<\/div>\n\t\t\t\t<\/div>\n\t\t\t\t<div class=\"elementor-element elementor-element-3a0727f elementor-align-center elementor-hidden-desktop elementor-hidden-tablet exad-sticky-section-no exad-glass-effect-no elementor-widget elementor-widget-button\" data-id=\"3a0727f\" data-element_type=\"widget\" data-widget_type=\"button.default\">\n\t\t\t\t<div class=\"elementor-widget-container\">\n\t\t\t\t\t\t\t\t\t<div class=\"elementor-button-wrapper\">\n\t\t\t\t\t<a class=\"elementor-button elementor-button-link elementor-size-sm\" href=\"https:\/\/wa.me\/5511910299955?text=Ol%C3%A1,%20venho%20do%20site%20da%20Dra.%20Cristiane%20Lopes,%20gostaria%20de%20agendar%20uma%20consulta%20com%20o%20procedimento%20Lipedema\" target=\"_blank\">\n\t\t\t\t\t\t<span class=\"elementor-button-content-wrapper\">\n\t\t\t\t\t\t<span class=\"elementor-button-icon\">\n\t\t\t\t<i aria-hidden=\"true\" class=\"fab fa-whatsapp\"><\/i>\t\t\t<\/span>\n\t\t\t\t\t\t\t\t\t<span class=\"elementor-button-text\">Agende sua consulta<\/span>\n\t\t\t\t\t<\/span>\n\t\t\t\t\t<\/a>\n\t\t\t\t<\/div>\n\t\t\t\t\t\t\t\t<\/div>\n\t\t\t\t<\/div>\n\t\t\t\t\t<\/div>\n\t\t\t\t<\/div>\n\t\t<div class=\"elementor-element elementor-element-cf45195 e-flex e-con-boxed e-con e-child\" data-id=\"cf45195\" data-element_type=\"container\">\n\t\t\t\t\t<div class=\"e-con-inner\">\n\t\t<div class=\"elementor-element elementor-element-c0726c6 e-flex e-con-boxed e-con e-child\" data-id=\"c0726c6\" data-element_type=\"container\" data-settings=\"{&quot;background_background&quot;:&quot;classic&quot;}\">\n\t\t\t\t\t<div class=\"e-con-inner\">\n\t\t\t\t<div class=\"elementor-element elementor-element-385b706 exad-sticky-section-no exad-glass-effect-no elementor-widget elementor-widget-image\" data-id=\"385b706\" data-element_type=\"widget\" data-widget_type=\"image.default\">\n\t\t\t\t<div class=\"elementor-widget-container\">\n\t\t\t\t\t\t\t\t\t\t\t\t\t\t\t<img decoding=\"async\" width=\"1080\" height=\"1080\" src=\"https:\/\/branding2health.com\/cristiane\/wp-content\/uploads\/2023\/10\/lipedema.png\" class=\"attachment-full size-full wp-image-1902\" alt=\"\" srcset=\"https:\/\/branding2health.com\/cristiane\/wp-content\/uploads\/2023\/10\/lipedema.png 1080w, https:\/\/branding2health.com\/cristiane\/wp-content\/uploads\/2023\/10\/lipedema-300x300.png 300w, https:\/\/branding2health.com\/cristiane\/wp-content\/uploads\/2023\/10\/lipedema-1024x1024.png 1024w, https:\/\/branding2health.com\/cristiane\/wp-content\/uploads\/2023\/10\/lipedema-150x150.png 150w, https:\/\/branding2health.com\/cristiane\/wp-content\/uploads\/2023\/10\/lipedema-768x768.png 768w\" sizes=\"(max-width: 1080px) 100vw, 1080px\" \/>\t\t\t\t\t\t\t\t\t\t\t\t\t\t\t<\/div>\n\t\t\t\t<\/div>\n\t\t\t\t\t<\/div>\n\t\t\t\t<\/div>\n\t\t<div class=\"elementor-element elementor-element-62a3233 e-flex e-con-boxed e-con e-child\" data-id=\"62a3233\" data-element_type=\"container\">\n\t\t\t\t\t<div class=\"e-con-inner\">\n\t\t\t\t<div class=\"elementor-element elementor-element-7512545 exad-sticky-section-no exad-glass-effect-no elementor-widget elementor-widget-text-editor\" data-id=\"7512545\" data-element_type=\"widget\" data-widget_type=\"text-editor.default\">\n\t\t\t\t<div class=\"elementor-widget-container\">\n\t\t\t\t\t\t\t\t\t<p>O <strong>Lipedema<\/strong> \u00e9 uma condi\u00e7\u00e3o m\u00e9dica cr\u00f4nica, causada pela inflama\u00e7\u00e3o das c\u00e9lulas de gordura, que afeta principalmente as mulheres.<\/p><p>Caracteriza-se pelo ac\u00famulo anormal de gordura, tipicamente nas pernas, coxas e quadris e, em alguns casos, nos bra\u00e7os.<\/p><p>Essa condi\u00e7\u00e3o resulta em um aumento desproporcional do tamanho das extremidades, em compara\u00e7\u00e3o com o restante do corpo.<\/p><p>Al\u00e9m do incha\u00e7o e da gordura excessiva, o Lipedema pode causar dor, sensibilidade e facilidade para desenvolver hematomas nas \u00e1reas afetadas.<\/p><p>Embora o Lipedema seja frequentemente confundido com obesidade, ele \u00e9 um dist\u00farbio m\u00e9dico distinto.<\/p><p>N\u00e3o est\u00e1 necessariamente relacionado a h\u00e1bitos alimentares ou estilo de vida, e seu tratamento envolve abordagens espec\u00edficas do tratamento cl\u00ednico de lipedema, como dietas espec\u00edficas, exerc\u00edcios f\u00edsicos, uso de meias el\u00e1sticas, drenagem linf\u00e1tica e, em grande parte dos casos, cirurgia para remover o excesso de gordura.<\/p><p>Um diagn\u00f3stico precoce e a compreens\u00e3o do Lipedema s\u00e3o essenciais para garantir o manejo adequado dessa condi\u00e7\u00e3o, ajudando a melhorar a qualidade de vida das pessoas afetadas.<\/p><p>No caso da cirurgia do lipedema, \u00e9 realizada uma lipoaspira\u00e7\u00e3o das \u00e1reas acometidas pela doen\u00e7a. Dependendo do volume a ser aspirado e das regi\u00f5es acometidas, pode ser necess\u00e1rio dividir o tratamento em algumas etapas, pois temos um limite seguro de volume que pode ser aspirado. Para evitar o desenvolvimento de flacidez depois desta cirurgia, podemos associar algumas tecnologias para o tratamento da flacidez de pele, como Laser Diodo, Renuvion e Morpheus. Em alguns casos, pode haver indica\u00e7\u00e3o de retiradas de pele, em regi\u00f5es onde j\u00e1 existe flacidez, como coxas e bra\u00e7os.<\/p><p>No p\u00f3s-operat\u00f3rio do lipedema, recomendamos que sejam feitas drenagens linf\u00e1ticas di\u00e1rias com pessoas capacitadas para cuidar deste tipo espec\u00edfico de cirurgia. Al\u00e9m disso, recomendamos o uso de curativos compressivos e depois meias compressivas, para reduzir o incha\u00e7o e o ac\u00famulo de l\u00edquidos.<\/p><p>A recupera\u00e7\u00e3o \u00e9 pouco dolorosa com nosso protocolo de medica\u00e7\u00f5es p\u00f3s-operat\u00f3rias, o que permite que a paciente retome atividades di\u00e1rias em geral em 14 dias.<\/p><p>\u00c9 importante lembrar que o tratamento cl\u00ednico do lipedema \u00e9 importante n\u00e3o apenas antes, mas tamb\u00e9m depois da cirurgia e por toda a vida, tanto para a manuten\u00e7\u00e3o dos resultados obtidos, quanto para redu\u00e7\u00e3o da progress\u00e3o da doen\u00e7a.<\/p>\t\t\t\t\t\t\t\t<\/div>\n\t\t\t\t<\/div>\n\t\t\t\t<div class=\"elementor-element elementor-element-4751b4a elementor-align-center elementor-hidden-mobile exad-sticky-section-no exad-glass-effect-no elementor-widget elementor-widget-button\" data-id=\"4751b4a\" data-element_type=\"widget\" data-widget_type=\"button.default\">\n\t\t\t\t<div class=\"elementor-widget-container\">\n\t\t\t\t\t\t\t\t\t<div class=\"elementor-button-wrapper\">\n\t\t\t\t\t<a class=\"elementor-button elementor-button-link elementor-size-sm\" href=\"https:\/\/wa.me\/5511910299955?text=Ol%C3%A1,%20venho%20do%20site%20da%20Dra.%20Cristiane%20Lopes,%20gostaria%20de%20agendar%20uma%20consulta%20com%20o%20procedimento%20Lipedema\" target=\"_blank\">\n\t\t\t\t\t\t<span class=\"elementor-button-content-wrapper\">\n\t\t\t\t\t\t<span class=\"elementor-button-icon\">\n\t\t\t\t<i aria-hidden=\"true\" class=\"fab fa-whatsapp\"><\/i>\t\t\t<\/span>\n\t\t\t\t\t\t\t\t\t<span class=\"elementor-button-text\">Agende sua consulta<\/span>\n\t\t\t\t\t<\/span>\n\t\t\t\t\t<\/a>\n\t\t\t\t<\/div>\n\t\t\t\t\t\t\t\t<\/div>\n\t\t\t\t<\/div>\n\t\t\t\t\t<\/div>\n\t\t\t\t<\/div>\n\t\t\t\t\t<\/div>\n\t\t\t\t<\/div>\n\t\t\t\t\t<\/div>\n\t\t\t\t<\/div>\n\t\t\t\t<\/div>\n\t\t","protected":false},"excerpt":{"rendered":"<p>Voltar Lipedema Agende sua consulta O Lipedema \u00e9 uma condi\u00e7\u00e3o m\u00e9dica cr\u00f4nica, causada pela inflama\u00e7\u00e3o das c\u00e9lulas de gordura, que afeta principalmente as mulheres. Caracteriza-se pelo ac\u00famulo anormal de gordura, tipicamente nas pernas, coxas e quadris e, em alguns casos, nos bra\u00e7os. Essa condi\u00e7\u00e3o resulta em um aumento desproporcional do tamanho das extremidades, em compara\u00e7\u00e3o [&hellip;]<\/p>\n","protected":false},"author":1,"featured_media":0,"parent":0,"menu_order":0,"comment_status":"closed","ping_status":"closed","template":"","meta":{"footnotes":""},"class_list":["post-2240","page","type-page","status-publish","hentry"],"_links":{"self":[{"href":"https:\/\/branding2health.com\/cristiane\/wp-json\/wp\/v2\/pages\/2240","targetHints":{"allow":["GET"]}}],"collection":[{"href":"https:\/\/branding2health.com\/cristiane\/wp-json\/wp\/v2\/pages"}],"about":[{"href":"https:\/\/branding2health.com\/cristiane\/wp-json\/wp\/v2\/types\/page"}],"author":[{"embeddable":true,"href":"https:\/\/branding2health.com\/cristiane\/wp-json\/wp\/v2\/users\/1"}],"replies":[{"embeddable":true,"href":"https:\/\/branding2health.com\/cristiane\/wp-json\/wp\/v2\/comments?post=2240"}],"version-history":[{"count":40,"href":"https:\/\/branding2health.com\/cristiane\/wp-json\/wp\/v2\/pages\/2240\/revisions"}],"predecessor-version":[{"id":3581,"href":"https:\/\/branding2health.com\/cristiane\/wp-json\/wp\/v2\/pages\/2240\/revisions\/3581"}],"wp:attachment":[{"href":"https:\/\/branding2health.com\/cristiane\/wp-json\/wp\/v2\/media?parent=2240"}],"curies":[{"name":"wp","href":"https:\/\/api.w.org\/{rel}","templated":true}]}}